isor of z and 70?
14
Let h be (5 - 2)*1*(21 - 19). Let t(s) = 7*s**2 - 22*s + 5. Let v be t(h). What is the highest common factor of 50 and v?
25
Let c be ((-657)/(-730))/(6/40). Let l = 19 - 11. Let t be 1314/27 + l/c. What is the highest common factor of t and 5?
5
Suppose 123*w - 115*w = 5336. Calculate the highest common divisor of 322 and w.
23
Let f be -2 + 0 + -2*(80 - 0). Let y = -111 - f. What is the greatest common divisor of y and 68?
17
Let t(g) = g**2 - 41*g + 278. Let q be t(33). What is the greatest common factor of 154 and q?
14
Let n(u) = 0 - 11*u**2 + u**2 - 3 - 6*u + 17*u**2. Let y be n(-5). Suppose q = 1, m + 5*q + 17 = y. Calculate the greatest common factor of m and 20.
20
Let d be (-340758)/(-792) - 3/(-4). Calculate the highest common divisor of d and 1.
1
Suppose 0 = -2*a - 3*r + 774 + 693, 2*a - 3*r = 1437. What is the greatest common divisor of a and 6?
6
Suppose 0 = z - 4*r - 330, 2*r = z - 260 - 76. Let a = -337 + z. Suppose -5*p + 148 = -127. What is the highest common divisor of p and a?
5
Let d = -819 - -1160. Suppose -2*m + d + 67 = 0. What is the greatest common divisor of 51 and m?
51
Let t(h) = 26*h**2 + 38*h + 74. Let d be t(-10). What is the highest common divisor of 62 and d?
62
Let w(a) = -a**3 - 23*a**2 + 26*a + 57. Suppose -10*v + 48*v = -912. Let x be w(v). Calculate the highest common factor of x and 6.
3
Suppose 432 = 13*u - 75. Let z be -2172*1*2/(-4). Suppose 4*s = z + 162. Calculate the greatest common factor of u and s.
39
Let j(g) = 74*g + 961. Let x be j(-12). Calculate the greatest common divisor of 949 and x.
73
Let a be (-1 - 12) + 19 + (11 - 22) - -68. What is the greatest common factor of a and 468?
9
Let h(u) = -40*u**3 + 16*u**2 - 20*u + 4. Let z be h(-4). What is the greatest common divisor of 261 and z?
29
Let y be (-1)/(-1 - 3629*6/(-21780)). Calculate the highest common factor of 60 and y.
30
Let w(n) = 5*n + 65 - 184 + 61 + 65. Let l be w(3). What is the greatest common divisor of 242 and l?
22
Let y be (-544)/(-6)*((-13)/2 + 7 + 1). Calculate the highest common divisor of y and 2006.
34
Let z(m) = m**3 - 52 + 557*m - 543*m + 19*m**2 - 6*m**2. Let f be z(-11). What is the highest common factor of f and 252?
36
Let s(g) = 442*g + 20. Let i be s(0). Suppose -4 = -c - 5. Let q be c + (4 - (-1 - 1)). Calculate the greatest common divisor of q and i.
5
Suppose 3*m + 3*x - 7 - 17 = 0, 3*m - 2*x = 9. Let o be (-6)/(-10) + 323*(-1)/m. Let l = o + 70. What is the greatest common factor of l and 2?
2
Suppose -5*s + 784 - 58 = -3*a, 4*s = a + 578. Let c be 4/8 + 6660/120. What is the greatest common divisor of s and c?
8
Suppose -4*b + 3*b = -820. Suppose -168*l - 609 + 1836 = -2133. What is the highest common factor of b and l?
20
Suppose 5*b = -30, 21*b = a + 23*b - 37. What is the highest common factor of a and 2954?
7
Let r = 34 - -53. Let g(d) = -27*d**3 + 4*d**2 + 5*d + 3. Let c = 37 + -38. Let x be g(c). What is the greatest common factor of x and r?
29
Suppose -351 = 35*d - 561. Calculate the highest common divisor of 62 and d.
2
Let u(h) = 4*h**2 + 22*h - 174. Let z be u(-15). Calculate the greatest common factor of z and 88.
44
Let d be (-112 - 0*5/(-30))/(-1). Let y(u) = -5*u - 1. Let i be y(-3). What is the highest common factor of d and i?
14
Suppose 8495*b = 8440*b + 2090. Calculate the greatest common factor of 18449 and b.
19
Let u = -373 + 92. Let n = u + 287. What is the greatest common divisor of n and 21?
3
Let o(w) = -6*w**3 + 359*w**2 + 51*w + 566. Let v be o(60). Suppose 0 = -4*g - 111 + 995. Calculate the highest common factor of g and v.
13
Suppose -3*p = 5*c - 7*c - 53, -p - 2*c = -31. Suppose 4*t + 56 = 4*a, -5*t + 55 = 3*a + p. Calculate the highest common factor of 1157 and a.
13
Let d be (-9 - (-258)/10)*(-15)/(-6). Let h = 101 - -16. Let f = h - 54. Calculate the greatest common divisor of f and d.
21
Let f = 50 - 27. Suppose -4*q = -3*i - 27, 20 = 4*q + i + 3*i. Suppose 1 + f = q*y. Calculate the greatest common factor of y and 16.
4
Suppose 5*p - 4*v = -5 + 10, 30 = -5*p - 3*v. Let x be (-1089)/(-7) - (-20)/((-140)/p). Calculate the highest common divisor of 48 and x.
12
Let q(l) = l + 13. Let a be q(-14). Let m be (-1)/(a/6)*-2. Let k be 12618/108 + (-2)/m. What is the highest common factor of 13 and k?
13
Let x = 50 - 27. Suppose -2*k + 325 = 3*t, 6*t = 2*k - t - 315. What is the greatest common divisor of x and k?
23
Let l(q) = -q**2 - 37*q - 43. Let g be l(-8). What is the greatest common divisor of 14 and g?
7
Suppose 15 = 2*f + 2*j - 7, -4*j = f - 14. Let b be 721/5 - 2/f. Suppose -15*y + b = -6. What is the highest common divisor of 50 and y?
10
Let l(h) = h**3 + h**2 - 7*h + 10. Let z be l(3). Suppose 0 = 5*r - n - 24, -7*r + 5*n = -11*r + z. Calculate the greatest common factor of 55 and r.
5
Let t be 1774/2 + 149 + -143. Calculate the highest common factor of t and 19.
19
Let n be (-143 - -59)*(-2)/(-3). Let a be (n/16)/(3/(-30)). Calculate the highest common factor of a and 7.
7
Suppose 449*i - 129924 = 131394. What is the highest common divisor of i and 14841?
291
Suppose 0 = -5*w - 0*w + 525. Suppose -11*b - 16 = 28. Let z be b/(6 + -5) - -25. Calculate the highest common divisor of w and z.
21
Suppose 2*v + 2*f - 23 = f, 0 = -2*v + f + 17. Suppose 2*b + 88 = v. Let l = b - -109. Calculate the highest common divisor of l and 10.
10
Let k be (364*12/(-72))/(4/(-42)). Calculate the highest common factor of 196 and k.
49
Let t be (-3)/(-6)*2 - -11. Suppose 0 = 26*c - 199 + 69. Suppose 9*f - 31 - c = 0. Calculate the highest common divisor of f and t.
4
Suppose 0 = -v + 4*u + 7, -2*v + 5*u + 11 + 0 = 0. Let h be (3 + -4)*v + 19. What is the greatest common divisor of 4 and h?
4
Suppose -4*y = -6*y + 8, -4*y = 3*f - 58. What is the highest common factor of f and 10262?
14
Suppose -3*i - 2*b + 983 = -6*b, 4*i - b = 1289. Let h = i - 299. What is the greatest common divisor of 1166 and h?
22
Suppose -5*q = 4*x - 37 - 14, -5*q - 120 = -5*x. Suppose -x*p + 848 = -121. Calculate the greatest common factor of 51 and p.
51
Suppose -3*v + 29*v - 709 = 1163. What is the greatest common divisor of 7578 and v?
18
Let q be (-3 + 0)*110/(-66). Suppose 9*v - 176 = q*v. What is the greatest common divisor of 88 and v?
44
Let p(u) = u**2 + 26*u - 87. Let n be p(-41). Calculate the greatest common factor of n and 363.
33
Suppose -5*x + 41 = -4. Suppose 2*i = i + x. Let c = 4303 + -4231. What is the greatest common factor of c and i?
9
Let k(q) = q**2 - 10*q + 1. Let f be k(10). Let p be (-2 - (-88)/f) + 0/1. Calculate the highest common factor of 2 and p.
2
Suppose -4*o + 180 = x, -3*x - 2*o - 944 = -8*x. Suppose 0 = -47*c + 33*c + 658. What is the greatest common divisor of x and c?
47
Suppose -4*v - 2*o = 2*o - 24, 0 = 2*v + 3*o - 17. Calculate the highest common divisor of v and 5.
1
Let j be 51 + -24 + 4*-1. Let k = j + 121. What is the highest common divisor of 16 and k?
16
Let a = 4310 - 2603. What is the highest common divisor of 3 and a?
3
Suppose 100 = 1735*p - 1725*p. What is the highest common factor of p and 17305?
5
Suppose -2340 = -9*x - 23*x - 13*x. What is the greatest common divisor of x and 2236?
52
Let b be ((-15)/20)/(1/(-32)). Let n(y) = -3*y**3 + 4*y**2 - 2*y - 3. Let t = 16 + -19. Let o be n(t). Calculate the highest common divisor of o and b.
24
Let i be 42*(0 + -30)/(-3). Suppose -4*w + 12 = 0, 7*v - 4*w + 9*w = 162. Calculate the highest common divisor of i and v.
21
Let i = -43 + 152. Let q = 3250 + -3375. Let k = i - q. What is the highest common factor of k and 26?
26
Let g(h) = -h**3 + 2*h**3 - 5*h + 5 - 2 + 0. Let b be g(3). Suppose -153*p = -2021 - 4864. Calculate the highest common divisor of b and p.
15
Suppose w = -w + w. Suppose 5*k + 138 = -3*j - j, 2*k - 4*j + 72 = w. Let o be (10/8*-2)/(3/k). What is the greatest common divisor of o and 5?
5
Let t = -155 - -161. Let c(y) = -4*y**2 + 26*y + 2. Let v be c(t). Calculate the greatest common divisor of 49 and v.
7
Suppose -25*x - 1732 = -26*x. Suppose -18*u + x = -2084. What is the greatest common factor of u and 159?
53
Let q be 26*1 - -2 - 0. Let z = -118 + 419. Let v = 315 - z. What is the greatest common divisor of q and v?
14
Let o = -972 - -1449. Suppose -4*b - 3*r + 209 = 0